1).
0
(0 - -11 - 14) + (3 - -1)
1
-5 + (3 - (-5 + -2))
5
(2 - 9) + -4 + 9
-2
21 + -15 - (0 + (0 - -2))
4
Evaluate -3 + (5 - (-2 - 0)).
4
What is 4 + -9 - -7 - -4?
6
What is 6 + 7 + 4 + -15?
2
Evaluate (-8 - -3) + 12 - -4.
11
4 + -1 - (3 + -3 - -2)
1
What is (7 - -3) + (-12 - -8)?
6
-8 - ((7 - 7) + -16)
8
What is the value of -2 + 1 - (6 - 3) - -10?
6
Calculate 2 - 2 - (-6 + 4).
2
What is the value of -4 + 3 + 0 + 3 - 0?
2
12 - (6 - -1) - -1
6
-3 - (-3 - (-3 - 7)) - -6
-4
What is the value of -7 - -3 - (-8 - -7)?
-3
Evaluate -4 + (-1 - (-5 - 1) - -2).
3
What is -1 + 2 + 2 + (-4 - 0)?
-1
Calculate 15 + -18 + (-3 - -2).
-4
What is the value of 49 + -46 - (5 - -1)?
-3
What is -5 + 5 + -1 + -1?
-2
-3 + 4 + 0 + (-3 - -1)
-1
What is the value of (-4 - 9 - (1 - 7)) + 1?
-6
What is the value of -3 - ((10 - 5) + -9) - 1?
0
Calculate -6 + (4 - (0 + 0)) - -2.
0
What is 4 - 2 - (-47 - -54)?
-5
(-2 - -2) + -2 + 2 + -5
-5
Calculate 3 + (-2 - (0 + 1)) + -4.
-4
Calculate 18 + 5 + -11 + -13.
-1
What is the value of 1 + (-1 - -2) - 7?
-5
What is the value of 2 - 2 - (-5 - (-3 - 0))?
2
-5 + 2 + 2 - 5
-6
What is (-7 - -2) + 1 + 2?
-2
Evaluate -12 + 14 - (1 - -7).
-6
Evaluate 1 + 1 + 5 + -14 + 3.
-4
What is the value of 0 + -6 + 7 - 8?
-7
Evaluate (5 - 8) + 0 + -4.
-7
Calculate 6 + 1 + -5 + 1.
3
What is the value of -3 + 4 + 1 - -3?
5
Calculate 2 + (0 - 2 - -4).
4
(-4 - (-5 - -2)) + 1
0
What is (2 - 5) + (0 - (2 - 0))?
-5
Evaluate 4 + (2 - (9 - 4 - 0)).
1
1 - (-5 + 2 - (-7 - -1))
-2
Evaluate -1 - 13 - -9 - (-4 + -1).
0
Evaluate 3 + (6 - (-3 - -7)).
5
Evaluate 1 - -4 - (-12 + 11 + 11).
-5
Evaluate 6 + -4 + (-3 - -6).
5
Evaluate -6 + (2 - (2 - 1)).
-5
What is 9 - (16 + -7 + -4)?
4
What is the value of (0 - -4) + -1 - (-94 + 96)?
1
Evaluate 17 + -18 + 6 + -8 + 2.
-1
Evaluate 1 + -8 + (11 - 9).
-5
What is the value of 5 + -5 + -3 - (2 + -1)?
-4
What is (8 - (-4 + 9)) + (0 - 2)?
1
-3 - (-4 - (-1 + -2 - -1))
-1
-10 - -4 - (-22 + 17)
-1
8 - (1 + 5 + -1)
3
What is (10 - 2 - 6) + 6?
8
2 + -7 + -4 + -2 - -3
-8
Evaluate (5 + 0 + -6 - 2) + -1.
-4
What is 5 - (1 - -1) - 5?
-2
What is the value of 2 + 6 + -10 - -11?
9
Evaluate (-10 - -11) + (-7 - -1).
-5
2 - (7 + (7 - 8))
-4
What is the value of 0 - (3 - (5 + 2))?
4
What is (-5 - -2 - (-5 + -2)) + -5?
-1
What is the value of 8 + -17 + 8 + -2?
-3
What is (-9 - 0) + 3 + 3 + 1?
-2
What is the value of (13 - 6 - 7) + -2 + 8?
6
What is -6 - (-20 + 2) - 9?
3
What is the value of -9 + 4 - (-10 - (-4 + 5))?
6
Calculate -8 + 7 - (6 + -4).
-3
Calculate -1 + -5 + 2 + 10.
6
(8 - 5) + (7 + -3 - 2)
5
246 + -245 - (0 + -4)
5
What is -2 - (-10 - -10) - -1?
-1
(3 + 4 - 9) + -4
-6
(2 - 2 - 2) + -1 + -2
-5
-1 + 5 + (1 - 1)
4
5 - (-3 - -7 - -1)
0
Evaluate 27 + -14 + 2 + (-6 - 1).
8
What is 3 - (1 - (3 + -3)) - 1?
1
What is the value of 0 - ((-5 - (-6 - -3)) + 0)?
2
What is (1 - -4) + (-4 - -1 - -2)?
4
Calculate -16 - -1 - -7 - -1.
-7
What is the value of (3 + -4 + 3 - 4) + -1?
-3
2 + (0 + -3 - -6) + -2
3
What is -4 + 3 + (4 - 3)?
0
Calculate -1 - (9 + (12 - 18)).
-4
What is 1 - ((4 - (-7 + 4)) + -1)?
-5
What is -4 - (1 + -7) - -5?
7
What is 0 + (1 - 1 - (-4 + 1))?
3
(-6 - -1) + 7 - -3
5
What is -2 + (0 - 3) - -4?
-1
-4 + (1 - -1) - (2 - 6)
2
-12 - -24 - 11 - -8
9
-4 + 11 + -16 + 14
5
What is -1 + -2 + -3 + 2?
-4
What is the value of 1 - -1 - 16 - (49 + -53)?
-10
What is 4 - (-2 - (-10 - -4))?
0
(5 - -4) + -3 + -1
5
What is the value of -2 + (-1 + 3 - 0) + -3?
-3
What is the value of 0 + 0 + 4 + -3?
1
Calculate -13 - -11 - (-2 + -2).
2
Evaluate -21 - -19 - (-5 - (3 - 0)).
6
What is 5 + -6 + (5 - -3)?
7
What is 0 + 0 - ((5 - -4) + -13)?
4
What is the value of (3 - 5) + (-1 - (0 - 0))?
-3
What is -7 - (-3 - 0 - 0)?
-4
What is the value of 0 - 0 - -3 - (8 - 9)?
4
Calculate -3 - -7 - -4 - 3.
5
Evaluate -1 + 1 - (-5 + (0 - -8)).
-3
What is 26 + -19 - (10 + -1)?
-2
Calculate -7 - (2 - (-5 + 11)).
-3
What is the value of 0 + 0 + 2 + -2 + 0?
0
What is (-10 + 13 - -9) + -3?
9
Evaluate -9 - -5 - (-4 - -4).
-4
-3 - -6 - (1 + 7)
-5
6 + -7 - -6 - 2
3
What is 1 + 2 + (3 - (-1 - -3))?
4
Evaluate -2 + -1 + 2 + (-25 - -25).
-1
What is 0 + 0 - (-9 - -11 - -3)?
-5
What is the value of 4 + 2 + -3 + (-70 - -64)?
-3
What is 9 + -6 + -6 + 0?
-3
What is (-3 - -1) + 72 + -68 - -2?
4
-1 - ((-7 - -7) + 1)
-2
What is the value of -3 + (-3 - 0) + 4 + 0?
-2
What is the value of (-3 - -1) + 8 + -6 - 4?
-4
14 - (14 + 15) - -8
-7
15 + 5 + -13 + -2
5
Calculate 3 + 1 - (23 + -15).
-4
Calculate 4 + 1 + (-3 - (3 - 6)).
5
(10 + -5 - -4) + (18 - 18)
9
What is the value of 2 + 9 + 0 + -9?
2
What is 2 + (-8 - -1) - (1 + -2)?
-4
What is -2 - ((5 - 0) + -4)?
-3
What is the value of 9 - ((5 - 8) + 3 - -3)?
6
0 + -3 + (0 + 5 - 0)
2
What is the value of 7 + -1 + -3 + -3?
0
What is -2 + (-2 - -1) + 6?
3
-1 - ((5 - 4 - 1) + 3)
-4
What is 5 - ((2 - 5) + 4 - 0)?
4
What is 9 + (-8 - 0 - -3)?
4
Evaluate -18 - -5 - -4 - -6.
-3
What is -2 + -5 + 15 + -1 + -1?
6
2 + -1 + 1 + 370 + -374
-2
2 + -2 - (2 - (3 - 1))
0
Evaluate -18 + 9 + (-2 - 0) - -3.
-8
What is the value of (-9 - 0) + 18 + -7?
2
Calculate 3 + -2 - (-1 - -5) - 2.
-5
What is the value of 4 + 4 + -11 + 7?
4
4 + 1 + (-2 - 1) + -2
0
Calculate -4 - ((-2 - -2) + -4 - -4).
-4
Evaluate -2 + 4 + (-5 - -8).
5
Calculate -1 + (6 - (-1 - -1)) + -7.
-2
Evaluate -1 - (1 - 1) - (-15 - -12).
2
Evaluate 5 + -10 - -2 - -1 - -6.
4
Evaluate (1 - -2) + (-5 - 1 - -2).
-1
What is the value of 4 + 2 - 5 - -5 - 4?
2
What is the value of 1 + -2 - (-6 + 7 + 2)?
-4
What is (-15 - -16) + (1 - -2 - 2)?
2
What is -2 - 5 - (-3 - 1)?
-3
What is (-2 - -1) + 2 + (-5 - 0)?
-4
Evaluate 4 - (-5 + -3 + 16).
-4
What is 3 + (1 - (2 + 8)) - -4?
-2
What is the value of 4 + (2 - (5 - 1)) + 0?
2
Calculate 3 - 0 - (0 + 2).
1
Evaluate 4 - (-8 - (0 + -6)).
6
Calculate 6 + (0 - (2 + -2 - -5)).
1
Calculate 0 + (-7 - (-18 + 6)).
5
What is 14 + (3 - 7) + -5?
5
Evaluate 2 - (8 + -2 - (-11 - -12)).
-3
Evaluate -4 + -5 + 5 + 6.
2
What is the value of (11 - 1 - 1) + -4?
5
(2 - 2) + 5 + -2
3
-13 - -9 - (-5 - 0)
1
Evaluate 9 - (-7 + 17 - 9).
8
What is the value of (-5 - 0) + 1 + (1 - 1)?
-4
What is the value of (0 + 2 + 2 - 3) + 1?
2
Calculate -1 + (-5 - -10 - (6 - 5)).
3
What is the value of -105 - -110 - (-1 - 0 - -2)?
4
Calculate 10 + -5 + (-3 - -3).
5
Evaluate 8 - (2 - -10) - -12.
8
What is (-5 - -5) + (-1 - 5)?
-6
Calculate -5 - ((-18 - -9) + 0).
4
What is the value of 2 + (0 - (5 + -7)) - -3?
7
Calculate -1 - 0 - (-13 + 12).
0
What is the value of (1 - (-5 + 1)) + (-11 - 0)?
-6
What is 4 - ((3 - 4 - 1) + 0)?
6
What is the value of (9 - 11) + 3 + 0?
1
What is -6 + (-7 - (-8 + -6)) + -4?
-3
(0 - -8) + (-11 - -6)
3
What is the value of (-4 - -11) + -1 + -3?
3
Evaluate -8 - (-8 - -4) - (-1 + -2).
-1
What is the value of 143 + -156 + 6 + -1?
-8
Evaluate 1 + (-1 - -3) + -2 + -1.
0
What is -19 + 23 + (1 - 0)?
5
Evaluate (-67 - -58) + (9 - 2).
-2
9 + (-3 - -9) + -12
3
What is the value of -17 - (-5 + 1 + -6)?
-7
What is 11 + (3 - 10) + 0?
4
-4 + 0 - (1 + 0)
-5
What is the value of -4 - -7 - (2 + (4 - 4))?
1
Calculate (-2 - 6) + (7 - 6) + 1.
-6
Evaluate -6 + 20 - 3 - 7 - 7.
-3
What is (15 + -6 - 4) + -1 + -2?
2
Calculate 0 + (2 - 1) + 6 + -9.
-2
Evaluate -3 + -2 + (-3 - (3 - 6)).
-5
Evaluate 8 - (2 + 2 + -1 + 0).
5
Calculate (1 - (-3 - 1) - -7) + -6.
6
Calculate (-5 - -6) + (-9 + 9 - -1).
2
Calculate (-7 + -1 - 0) + (-1 - -3).
-6
What is the value of 5 - (-3 + 5) - 0?
3
What is -4 + -1 + (-22 + 37 - 2)?
8
What is 6 + -3 + 2 + (0 - 3)?
2
What is the value of 1 + -5 + 2 + -3?
-5
Evaluate -3 + 4 + (0 + 1 - 6).
-4
What is -1 + -9 + -2 + 21?
9
Evaluate 0 + -4 + 0 + 1.
-3
(2 + 2 - -1) + 0
5
What is (-9 + 3 - -2) + -1?
-5
What is the value of 1 + -1 + -2 - -4?
2
What is (-6 - 3 - -14) + -12 + 1?
-6
-2 + (-9 - 3 - -17)
3
What is (2 - 9) + -2 + 3?
-6
What is -2 + (21 - 16) + (-1 - -3)?
5
Calculate 2 - (-1 + -4 + (-41 - -47)).
1
What is ((9 - 8) + 7 - 7) + 2?
3
Evaluate -2 + 4 + (-3 - 0).
-1
Calculate -1 - 2 - (1 - 3 - 0).
-1
What is the value of -3 + 0 + 3 + (2 - 3)?
-1
8 + -12 + 6 - 0
2
Calculate 15 + -10 + -5 - (-6 - 1).
7
4 - (1 + (-5 - -4)) - 0
4
What is the value of -2 + (2 - 0) + -2 + -3?
-5
What is -4 + -3 + (2 - 10) + 7?
-8
Calculate 5 - (-1 + (6 - -5)).
-5
Evaluate -7 - (1 + -7 + 6 + -4).
-3
-18 -